{"id":1129,"date":"2018-06-10T18:10:39","date_gmt":"2018-06-10T16:10:39","guid":{"rendered":"http:\/\/www.fdsea35.fr\/?page_id=1129"},"modified":"2021-06-09T16:37:51","modified_gmt":"2021-06-09T14:37:51","slug":"terra","status":"publish","type":"page","link":"https:\/\/www.fdsea35.fr\/?page_id=1129","title":{"rendered":"TERRA"},"content":{"rendered":"\t\t<div data-elementor-type=\"wp-page\" data-elementor-id=\"1129\" class=\"elementor elementor-1129\" data-elementor-settings=\"[]\">\n\t\t\t<div class=\"elementor-inner\">\n\t\t\t\t<div class=\"elementor-section-wrap\">\n\t\t\t\t\t\t\t<section class=\"elementor-element elementor-element-205fc81e elementor-section-boxed elementor-section-height-default elementor-section-height-default elementor-section elementor-top-section\" data-id=\"205fc81e\" data-element_type=\"section\">\n\t\t\t\t\t\t<div class=\"elementor-container elementor-column-gap-default\">\n\t\t\t\t<div class=\"elementor-row\">\n\t\t\t\t<div class=\"elementor-element elementor-element-1de64098 elementor-column elementor-col-100 elementor-top-column\" data-id=\"1de64098\" data-element_type=\"column\">\n\t\t\t<div class=\"elementor-column-wrap  elementor-element-populated\">\n\t\t\t\t\t<div class=\"elementor-widget-wrap\">\n\t\t\t\t<div class=\"elementor-element elementor-element-182e24b7 elementor-widget elementor-widget-text-editor\" data-id=\"182e24b7\" data-element_type=\"widget\" data-widget_type=\"text-editor.default\">\n\t\t\t\t<div class=\"elementor-widget-container\">\n\t\t\t\t\t<div class=\"elementor-text-editor elementor-clearfix\"><h1 style=\"text-align: center;\">Retrouvez chaque semaine l&rsquo;actualit\u00e9 locale, r\u00e9gionale et nationale dans le journal TERRA.<\/h1><h3 style=\"text-align: center;\">En tant qu&rsquo;adh\u00e9rent FDSEA, vous b\u00e9n\u00e9ficiez de tarifs privil\u00e9gi\u00e9s d&rsquo;abonnement au journal TERRA, alors profitez-en !<\/h3><p><a href=\"http:\/\/www.terra.bzh\/rubrique\/Votre-departement-Ille-et-Vilaine-35:271:1.html\" target=\"_blank\" rel=\"noopener\"><img data-attachment-id=\"1191\" data-permalink=\"https:\/\/www.fdsea35.fr\/?attachment_id=1191\" data-orig-file=\"https:\/\/i0.wp.com\/www.fdsea35.fr\/wp-content\/uploads\/2018\/06\/17-logo-TERRA-2-1.jpg?fit=1181%2C283&amp;ssl=1\" data-orig-size=\"1181,283\" data-comments-opened=\"1\" data-image-meta=\"{&quot;aperture&quot;:&quot;0&quot;,&quot;credit&quot;:&quot;&quot;,&quot;camera&quot;:&quot;&quot;,&quot;caption&quot;:&quot;&quot;,&quot;created_timestamp&quot;:&quot;0&quot;,&quot;copyright&quot;:&quot;&quot;,&quot;focal_length&quot;:&quot;0&quot;,&quot;iso&quot;:&quot;0&quot;,&quot;shutter_speed&quot;:&quot;0&quot;,&quot;title&quot;:&quot;TERRA logo ill 2012&quot;,&quot;orientation&quot;:&quot;1&quot;}\" data-image-title=\"TERRA logo ill 2012\" data-image-description=\"\" data-medium-file=\"https:\/\/i0.wp.com\/www.fdsea35.fr\/wp-content\/uploads\/2018\/06\/17-logo-TERRA-2-1.jpg?fit=300%2C72&amp;ssl=1\" data-large-file=\"https:\/\/i0.wp.com\/www.fdsea35.fr\/wp-content\/uploads\/2018\/06\/17-logo-TERRA-2-1.jpg?fit=1024%2C245&amp;ssl=1\" decoding=\"async\" loading=\"lazy\" class=\"wp-image-1191 aligncenter\" src=\"https:\/\/i0.wp.com\/www.fdsea35.fr\/wp-content\/uploads\/2018\/06\/17-logo-TERRA-2-1.jpg?resize=346%2C83\" alt=\"\" width=\"346\" height=\"83\" data-recalc-dims=\"1\" srcset=\"https:\/\/i0.wp.com\/www.fdsea35.fr\/wp-content\/uploads\/2018\/06\/17-logo-TERRA-2-1.jpg?w=1181&amp;ssl=1 1181w, https:\/\/i0.wp.com\/www.fdsea35.fr\/wp-content\/uploads\/2018\/06\/17-logo-TERRA-2-1.jpg?resize=300%2C72&amp;ssl=1 300w, https:\/\/i0.wp.com\/www.fdsea35.fr\/wp-content\/uploads\/2018\/06\/17-logo-TERRA-2-1.jpg?resize=768%2C184&amp;ssl=1 768w, https:\/\/i0.wp.com\/www.fdsea35.fr\/wp-content\/uploads\/2018\/06\/17-logo-TERRA-2-1.jpg?resize=1024%2C245&amp;ssl=1 1024w\" sizes=\"(max-width: 346px) 100vw, 346px\" \/><\/a><\/p><\/div>\n\t\t\t\t<\/div>\n\t\t\t\t<\/div>\n\t\t\t\t\t\t<\/div>\n\t\t\t<\/div>\n\t\t<\/div>\n\t\t\t\t\t\t<\/div>\n\t\t\t<\/div>\n\t\t<\/section>\n\t\t\t\t<section class=\"elementor-element elementor-element-678e3f8 elementor-section-boxed elementor-section-height-default elementor-section-height-default elementor-section elementor-top-section\" data-id=\"678e3f8\" data-element_type=\"section\">\n\t\t\t\t\t\t<div class=\"elementor-container elementor-column-gap-default\">\n\t\t\t\t<div class=\"elementor-row\">\n\t\t\t\t<div class=\"elementor-element elementor-element-c54c7bf elementor-column elementor-col-100 elementor-top-column\" data-id=\"c54c7bf\" data-element_type=\"column\">\n\t\t\t<div class=\"elementor-column-wrap  elementor-element-populated\">\n\t\t\t\t\t<div class=\"elementor-widget-wrap\">\n\t\t\t\t<div class=\"elementor-element elementor-element-a4a3f3d elementor-widget elementor-widget-text-editor\" data-id=\"a4a3f3d\" data-element_type=\"widget\" data-widget_type=\"text-editor.default\">\n\t\t\t\t<div class=\"elementor-widget-container\">\n\t\t\t\t\t<div class=\"elementor-text-editor elementor-clearfix\"><p><span style=\"color: #ff6600;\"><strong>Retrouvez les articles de la FDSEA 35 parus dans le journal agricole Terra :<\/strong><\/span><\/p><\/div>\n\t\t\t\t<\/div>\n\t\t\t\t<\/div>\n\t\t\t\t\t\t<\/div>\n\t\t\t<\/div>\n\t\t<\/div>\n\t\t\t\t\t\t<\/div>\n\t\t\t<\/div>\n\t\t<\/section>\n\t\t\t\t<section class=\"elementor-element elementor-element-f85ebcf elementor-section-boxed elementor-section-height-default elementor-section-height-default elementor-section elementor-top-section\" data-id=\"f85ebcf\" data-element_type=\"section\">\n\t\t\t\t\t\t<div class=\"elementor-container elementor-column-gap-default\">\n\t\t\t\t<div class=\"elementor-row\">\n\t\t\t\t<div class=\"elementor-element elementor-element-4ae057c elementor-column elementor-col-100 elementor-top-column\" data-id=\"4ae057c\" data-element_type=\"column\">\n\t\t\t<div class=\"elementor-column-wrap\">\n\t\t\t\t\t<div class=\"elementor-widget-wrap\">\n\t\t\t\t\t\t<\/div>\n\t\t\t<\/div>\n\t\t<\/div>\n\t\t\t\t\t\t<\/div>\n\t\t\t<\/div>\n\t\t<\/section>\n\t\t\t\t<section class=\"elementor-element elementor-element-edb280c elementor-section-boxed elementor-section-height-default elementor-section-height-default elementor-section elementor-top-section\" data-id=\"edb280c\" data-element_type=\"section\">\n\t\t\t\t\t\t<div class=\"elementor-container elementor-column-gap-default\">\n\t\t\t\t<div class=\"elementor-row\">\n\t\t\t\t<div class=\"elementor-element elementor-element-e42225a elementor-column elementor-col-100 elementor-top-column\" data-id=\"e42225a\" data-element_type=\"column\">\n\t\t\t<div class=\"elementor-column-wrap  elementor-element-populated\">\n\t\t\t\t\t<div class=\"elementor-widget-wrap\">\n\t\t\t\t<div class=\"elementor-element elementor-element-972cc61 elementor-tabs-view-horizontal elementor-widget elementor-widget-tabs\" data-id=\"972cc61\" data-element_type=\"widget\" data-widget_type=\"tabs.default\">\n\t\t\t\t<div class=\"elementor-widget-container\">\n\t\t\t\t\t<div class=\"elementor-tabs\" role=\"tablist\">\n\t\t\t<div class=\"elementor-tabs-wrapper\">\n\t\t\t\t\t\t\t\t\t<div id=\"elementor-tab-title-1581\" class=\"elementor-tab-title elementor-tab-desktop-title\" data-tab=\"1\" role=\"tab\" aria-controls=\"elementor-tab-content-1581\"><a href=\"\">Articles 2021<\/a><\/div>\n\t\t\t\t\t\t\t\t\t<div id=\"elementor-tab-title-1582\" class=\"elementor-tab-title elementor-tab-desktop-title\" data-tab=\"2\" role=\"tab\" aria-controls=\"elementor-tab-content-1582\"><a href=\"\">Articles 2020<\/a><\/div>\n\t\t\t\t\t\t\t<\/div>\n\t\t\t<div class=\"elementor-tabs-content-wrapper\">\n\t\t\t\t\t\t\t\t\t<div class=\"elementor-tab-title elementor-tab-mobile-title\" data-tab=\"1\" role=\"tab\">Articles 2021<\/div>\n\t\t\t\t\t<div id=\"elementor-tab-content-1581\" class=\"elementor-tab-content elementor-clearfix\" data-tab=\"1\" role=\"tabpanel\" aria-labelledby=\"elementor-tab-title-1581\"><ul>\n<li><a href=\"http:\/\/www.fdsea35.fr\/wp-content\/uploads\/2021\/06\/20210604_T797.16-TER-IL-040621_la-fdsea-lance-ses-reunions-cantonales_FDSEA35.pdf\" target=\"_blank\">04\/06\/2021 : La FDSEA 35 lance ses r\u00e9unions cantonales<\/a><\/li>\n\n<li><a href=\"http:\/\/www.fdsea35.fr\/wp-content\/uploads\/2021\/06\/20210514_T794.17-TER-IL-140521_glyphosate-la-fdsea-veut-mobiliser-contre-le-retrait_FDSEA35.pdf\" target=\"_blank\">14\/05\/2021 : Glyphosate : la FDSEA 35 veut mobiliser contre le retrait<\/a><\/li>\n<li><a href=\"http:\/\/www.fdsea35.fr\/wp-content\/uploads\/2021\/06\/20210430_T792.03-TER-300421_bruno-lemaire-en-ille-et-vilaine_FDSEA35.pdf\" target=\"_blank\">30\/04\/2021 : Bruno Lemaire en Ille-et-Vilaine<\/a><\/li>\n<li><a href=\"http:\/\/www.fdsea35.fr\/wp-content\/uploads\/2021\/06\/20210416_T790.15-TER-IL-160421_expression-cedric-henry-et-chrsitian-mochet_FDSEA35.pdf\" target=\"_blank\">16\/04\/2021 : Expression de C\u00e9dric Henry et de Christian Mochet<\/a><\/li>\n<li><a href=\"http:\/\/www.fdsea35.fr\/wp-content\/uploads\/2021\/06\/20210604_T788.18-TER-IL-020421_les-agriculteurs-surveillent-les-prix-et-attendent-un-retour-dans-leur-fermes_FDSEA35.pdf\" target=\"_blank\">02\/04\/2021 : Les agriculteurs surveillent les prix et attendent un retour dans leurs fermes<\/a><\/li>\n<li><a href=\"http:\/\/www.fdsea35.fr\/wp-content\/uploads\/2021\/06\/20210402_T788.08-TER-020421_interview-cedric-henry_FDSEA35.pdf\" target=\"_blank\">02\/04\/2021 : Interview de C\u00e9dric Henry<\/a><\/li>\n<li><a href=\"http:\/\/www.fdsea35.fr\/wp-content\/uploads\/2021\/06\/20210326_T787.19-TER-IL-260321_trois-question-a...FDSEA35.pdf\" target=\"_blank\">26\/03\/2021 :Trois questions \u00e0 &#8230;<\/a><\/li>\n<li><a href=\"http:\/\/www.fdsea35.fr\/wp-content\/uploads\/2021\/06\/20210305_16-TER-IL-050321_lait-malgre-les-effets-dannonce-le-prix-reste-insuffisant_FDSEA35.pdf\" target=\"_blank\">05\/03\/2021 : Lait : malgr\u00e9 les effets d&rsquo;annonce le prix reste insuffisant<\/a><\/li>\n<li><a href=\"http:\/\/www.fdsea35.fr\/wp-content\/uploads\/2021\/06\/20210226_T783.18-TER-IL-260221_1-centime-de-plus-par-oeuf-pour-vivre_FDSEA35.pdf\" target=\"_blank\">26\/02\/2021 : 1 centime de plus par oeuf pour vivre<\/a><\/li>\n<li><a href=\"http:\/\/www.fdsea35.fr\/wp-content\/uploads\/2021\/02\/20210212_T781.19-TER-IL_gestion-quantitative-de-leau-un-sujet-dont-lagriculture-doit-semparer_FDSEA35.pdf\" target=\"_blank\" rel=\"noopener\">12\/02\/2021 : Gestion quantitative de l&rsquo;eau : un sujet dont l&rsquo;agriculture doit s&#8217;emparer<\/a><\/li>\n<li><a href=\"http:\/\/www.fdsea35.fr\/wp-content\/uploads\/2021\/02\/20210205_15-TER-IL_fdsea35-la-methanisation-fait-debat_FDSEA35.pdf\" target=\"_blank\" rel=\"noopener\">05\/02\/2021 : FDSEA 35 : la m\u00e9thanisation fait d\u00e9bat<\/a><\/li>\n<li><a href=\"http:\/\/www.fdsea35.fr\/wp-content\/uploads\/2021\/01\/20210122_19-TER-IL-220121_il-est-temps-que-chacun-respect-ses-engagements_FDSEA35.pdf\" target=\"_blank\" rel=\"noopener\">22\/01\/2021 : Il est temps que chacun respect ses engagements<\/a><\/li>\n<li><a href=\"http:\/\/www.fdsea35.fr\/wp-content\/uploads\/2021\/01\/20210105_18-TER-IL-150121_trois-questions-a-Frederic-David_FDSEA35.pdf\" target=\"_blank\" rel=\"noopener\">05\/01\/2021 : Trois questions \u00e0 Fr\u00e9d\u00e9ric David, responsable section lait\u00e8re FDSEA 35<\/a><\/li><\/ul><\/div>\n\t\t\t\t\t\t\t\t\t<div class=\"elementor-tab-title elementor-tab-mobile-title\" data-tab=\"2\" role=\"tab\">Articles 2020<\/div>\n\t\t\t\t\t<div id=\"elementor-tab-content-1582\" class=\"elementor-tab-content elementor-clearfix\" data-tab=\"2\" role=\"tabpanel\" aria-labelledby=\"elementor-tab-title-1582\"><p><a href=\"http:\/\/www.fdsea35.fr\/wp-content\/uploads\/2021\/01\/20201204_16-TER-041220_lait_une-rencontre-entre-cooperation-et-syndicalisme_FDSEA35.pdf\" target=\"_blank\" rel=\"noopener\">&#8211; 04\/12\/2020 : lait : une rencontre entre coop\u00e9ration et syndicalisme<\/a><br \/><a href=\"http:\/\/www.fdsea35.fr\/wp-content\/uploads\/2020\/11\/20201113_20-TER-IL-131120_degats-aux-cultures-les-chasseurs-doivent-reguler-fort-et-vite_FDSEA35.pdf\" target=\"_blank\" rel=\"noopener\">&#8211; 13\/11\/2020 : d\u00e9g\u00e2ts aux cultures : les chasseurs doivent r\u00e9guler fort et vite<\/a><br \/><a href=\"http:\/\/www.fdsea35.fr\/wp-content\/uploads\/2020\/11\/20201106_19-TER-IL-061120_activite-syndicale-se-poursuit-durant-le-confinement_FDSEA35.pdf\" target=\"_blank\" rel=\"noopener\">&#8211; 06\/11\/2020 : l&rsquo;activit\u00e9 syndicale se poursuit durant le confinement<\/a><br \/><a href=\"http:\/\/www.fdsea35.fr\/wp-content\/uploads\/2020\/11\/20201106_28-TER-061120_elaborer-une-fiche-de-poste-pour-preparer-la-CCN_FDSEA35.pdf\" target=\"_blank\" rel=\"noopener\">&#8211; 06\/11\/2020 : \u00e9laborer une fiche de poste pour pr\u00e9parer la CCN (Convention Collective Nationale)<\/a><br \/><a href=\"http:\/\/www.fdsea35.fr\/wp-content\/uploads\/2020\/11\/20201002_20-TER-IL-021020_les-agriculteurs-premiers-acteurs-du-territoire_FDSEA35.pdf\" target=\"_blank\" rel=\"noopener\">&#8211; 02\/10\/2020 : les agriculteurs premiers acteurs du territoire<\/a><br \/>&#8211;<a href=\"http:\/\/www.fdsea35.fr\/wp-content\/uploads\/2020\/11\/20201002_04-TER-021020_nouvelle-convention-collective-nationale-de-la-production-agricole-et-des-cuma_FDSEA35.pdf\" target=\"_blank\" rel=\"noopener\"> 02\/10\/2020 : nouvelle convention collective nationale de la production agricole et des Cuma<\/a><br \/><a href=\"http:\/\/www.fdsea35.fr\/wp-content\/uploads\/2020\/09\/17-TER-IL-250920.pdf\" target=\"_blank\" rel=\"noopener\">&#8211; 25\/09\/2020 : les agriculteurs \u00e0 la rencontre des \u00e9lus locaux<\/a><br \/><a href=\"http:\/\/www.fdsea35.fr\/wp-content\/uploads\/2020\/09\/19-TER-IL-110920.pdf\" target=\"_blank\" rel=\"noopener\">&#8211; 11\/09\/2020 : toute la chaine alimentaire \u00e0 tenu bon<\/a><br \/><a href=\"http:\/\/www.fdsea35.fr\/wp-content\/uploads\/2020\/09\/17-TER-280820.pdf\" target=\"_blank\" rel=\"noopener\">&#8211; 28\/08\/2020 : d\u00e9l\u00e9guer une partie de son travail, pas si facile<\/a><br \/><a href=\"http:\/\/www.fdsea35.fr\/wp-content\/uploads\/2020\/06\/20200619_pendant-le-confinement-les-agriculteurs-ont-tenu_fdsea35.pdf\" target=\"_blank\" rel=\"noopener\">&#8211; 19\/06\/2020 : pendant le confinement les agriculteurs ont tenu<\/a><br \/><a href=\"http:\/\/www.fdsea35.fr\/wp-content\/uploads\/2020\/06\/20200619_impacts-du-covid19-sur-les-delais-de-publicites-foncieres-et-demande-d-autorisation-d-exploiter_fdsea35.pdf\" target=\"_blank\" rel=\"noopener\">&#8211; 19\/06\/2020 : impacts du covid-19 sur les d\u00e9lais de publicit\u00e9s fonci\u00e8res et demande d&rsquo;autorisation d&rsquo;exploiter<\/a><br \/><a href=\"http:\/\/www.fdsea35.fr\/wp-content\/uploads\/2020\/06\/20200605_la-fdsea35-se-mobilisent-pendant-le-confinement_fdsea35.pdf\" target=\"_blank\" rel=\"noopener\">&#8211; 05\/06\/2020 : la fdsea35 se mobilisent pendant le confinement<\/a><br \/><a href=\"http:\/\/www.fdsea35.fr\/wp-content\/uploads\/2020\/06\/20200522_la-fdsea-a-rencontre-les-parlementaires_fdsea35.pdf\" target=\"_blank\" rel=\"noopener\">&#8211; 22\/05\/2020 : la fdsea 35 a rencontr\u00e9 les parlementaires<\/a><br \/><a href=\"http:\/\/www.fdsea35.fr\/wp-content\/uploads\/2020\/06\/20200403_courage-a-tous-les-agriculteurs-avec-vous_fdsea35.pdf\" target=\"_blank\" rel=\"noopener\">&#8211; 03\/04\/2020 : courage \u00e0 tous : les agriculteurs avec vous<\/a><br \/><a href=\"http:\/\/www.fdsea35.fr\/wp-content\/uploads\/2020\/06\/20200320_une-equipe-renouvelee-sur-tous-les-dossiers_fdsea35.pdf\" target=\"_blank\" rel=\"noopener\">&#8211; 20\/03\/2020 : une \u00e9quipe renouvel\u00e9e sur tous les dossiers<\/a><br \/><a href=\"http:\/\/www.fdsea35.fr\/wp-content\/uploads\/2020\/06\/20200313_vie-syndicale-nouveau-bureau-a-la-fdsea35.pdf\" target=\"_blank\" rel=\"noopener\">&#8211; 13\/03\/2020 : vie syndicale : nouveau bureau a la fdsea35<\/a><br \/><a href=\"http:\/\/www.fdsea35.fr\/wp-content\/uploads\/2020\/06\/20200306_agriculteurs-apiculteurs-un-partenariat-gagnant-gagnant_fdsea35.pdf\" target=\"_blank\" rel=\"noopener\">&#8211; 06\/03\/2020 : agriculteurs-apiculteurs, un partenariat gagnant-gagnant<\/a><br \/><a href=\"http:\/\/www.fdsea35.fr\/wp-content\/uploads\/2020\/06\/20200228_la-fdsea35-fixe-le-cap-lors-de-son-AG_fdsea35.pdf\" target=\"_blank\" rel=\"noopener\">&#8211; 28\/02\/2020 : la fdsea35 fixe le cap lors de son AG<\/a><br \/><a href=\"http:\/\/www.fdsea35.fr\/wp-content\/uploads\/2020\/06\/20200221_FDSEA-JA-se-mobilisent-pour-les-municipales_fdsea35.pdf\" target=\"_blank\" rel=\"noopener\">&#8211; 21\/02\/2020 : FDSEA\/JA se mobilisent pour les \u00e9lections municipales<\/a><br \/>&#8211;\u00a0<a href=\"http:\/\/www.fdsea35.fr\/wp-content\/uploads\/2020\/06\/20200214_on-vit-une-guerre-economique_fdsea35.pdf\" target=\"_blank\" rel=\"noopener\">14\/02\/2020 : on vit une guerre \u00e9conomique<\/a><br \/>&#8211;\u00a0<a href=\"http:\/\/www.fdsea35.fr\/wp-content\/uploads\/2020\/06\/20200214_FRSEA-et-les-ETA-disent-non-au-nouveau-GNR_fdsea35.pdf\" target=\"_blank\" rel=\"noopener\">14\/02\/2020 : FRSEA et les ETA disent non au nouveau GNR<\/a><br \/>&#8211;\u00a0<a href=\"http:\/\/www.fdsea35.fr\/wp-content\/uploads\/2020\/06\/20200207_agribashing-demeter-mis-en-place-en-ille-et-vilaine_fdsea35.pdf\" target=\"_blank\" rel=\"noopener\">07\/02\/2020 : Agribashing : Demeter mis en place en ille et vilaine<\/a><br \/>&#8211; <a href=\"http:\/\/www.fdsea35.fr\/wp-content\/uploads\/2020\/06\/20200131_le-comice-une-bonne-raison-de-communiquer-positivement_fdsea35.pdf\" target=\"_blank\" rel=\"noopener\">31\/01\/2020 : le comice, une bonne raison de communiquer positivement<\/a><br \/><a href=\"http:\/\/www.fdsea35.fr\/wp-content\/uploads\/2020\/06\/20200124_la-fdsea35-le-reseau-syndical-en-election_fdsea35.pdf\" target=\"_blank\" rel=\"noopener\">&#8211; 24\/01\/2020 : la fdsea35 <\/a><a href=\"http:\/\/www.fdsea35.fr\/wp-content\/uploads\/2020\/06\/20200124_la-fdsea35-le-reseau-syndical-en-election_fdsea35.pdf\">le r\u00e9seau syndical en \u00e9lection<\/a><br \/>&#8211; <a href=\"http:\/\/www.fdsea35.fr\/wp-content\/uploads\/2020\/06\/20200117_-2020-une-annee-de-defis_fdsea35.pdf\" target=\"_blank\" rel=\"noopener\">17\/01\/2020 : 2020, une ann\u00e9e de d\u00e9fis<\/a><br \/><a href=\"http:\/\/www.fdsea35.fr\/wp-content\/uploads\/2020\/06\/20200103_les-rencontres-a-la-ferme-l-heure-du-bilan_fdsea35.pdf\" target=\"_blank\" rel=\"noopener\">&#8211; 03\/01\/2020 : bilan des rencontres \u00e0 la ferme 2019<\/a><\/p><\/div>\n\t\t\t\t\t\t\t<\/div>\n\t\t<\/div>\n\t\t\t\t<\/div>\n\t\t\t\t<\/div>\n\t\t\t\t\t\t<\/div>\n\t\t\t<\/div>\n\t\t<\/div>\n\t\t\t\t\t\t<\/div>\n\t\t\t<\/div>\n\t\t<\/section>\n\t\t\t\t\t\t<\/div>\n\t\t\t<\/div>\n\t\t<\/div>\n\t\t","protected":false},"excerpt":{"rendered":"<p>Retrouvez chaque semaine l&rsquo;actualit\u00e9 locale, r\u00e9gionale et nationale dans le journal TERRA. En tant qu&rsquo;adh\u00e9rent FDSEA, vous b\u00e9n\u00e9ficiez de tarifs privil\u00e9gi\u00e9s d&rsquo;abonnement au journal TERRA, alors profitez-en ! Retrouvez les articles de la FDSEA 35 parus dans le journal agricole Terra : Articles 2021 Articles 2020 Articles 2021 04\/06\/2021 : La FDSEA 35 lance ses<br \/><a class=\"moretag\" href=\"https:\/\/www.fdsea35.fr\/?page_id=1129\">+ Lire Plus<\/a><\/p>\n","protected":false},"author":1,"featured_media":0,"parent":188,"menu_order":0,"comment_status":"closed","ping_status":"closed","template":"","meta":{"spay_email":""},"jetpack_sharing_enabled":true,"jetpack_shortlink":"https:\/\/wp.me\/Pa44lN-id","jetpack-related-posts":[],"_links":{"self":[{"href":"https:\/\/www.fdsea35.fr\/index.php?rest_route=\/wp\/v2\/pages\/1129"}],"collection":[{"href":"https:\/\/www.fdsea35.fr\/index.php?rest_route=\/wp\/v2\/pages"}],"about":[{"href":"https:\/\/www.fdsea35.fr\/index.php?rest_route=\/wp\/v2\/types\/page"}],"author":[{"embeddable":true,"href":"https:\/\/www.fdsea35.fr\/index.php?rest_route=\/wp\/v2\/users\/1"}],"replies":[{"embeddable":true,"href":"https:\/\/www.fdsea35.fr\/index.php?rest_route=%2Fwp%2Fv2%2Fcomments&post=1129"}],"version-history":[{"count":28,"href":"https:\/\/www.fdsea35.fr\/index.php?rest_route=\/wp\/v2\/pages\/1129\/revisions"}],"predecessor-version":[{"id":5709,"href":"https:\/\/www.fdsea35.fr\/index.php?rest_route=\/wp\/v2\/pages\/1129\/revisions\/5709"}],"up":[{"embeddable":true,"href":"https:\/\/www.fdsea35.fr\/index.php?rest_route=\/wp\/v2\/pages\/188"}],"wp:attachment":[{"href":"https:\/\/www.fdsea35.fr\/index.php?rest_route=%2Fwp%2Fv2%2Fmedia&parent=1129"}],"curies":[{"name":"wp","href":"https:\/\/api.w.org\/{rel}","templated":true}]}}